*z + 797811. Determine s(35).
161
Let w(r) = -12*r**3 + 55*r**2 - 38*r - 94. Determine w(-1).
11
Let v(y) = -2*y**3 - 630*y**2 + 1274*y - 922. Give v(-317).
-2824
Let s(x) = 137*x + 1601. Give s(-10).
231
Let o(r) = -41*r**2 - 311*r - 107. Determine o(-7).
61
Let x(s) = 197*s**2 - 111*s - 24. Calculate x(-2).
986
Let w(m) = 3*m**3 + 427*m**2 - 3008*m + 43. Determine w(7).
939
Let n(v) = 1881*v - 98016. Give n(52).
-204
Let b(g) = -25*g**3 - 15*g**2 - 86*g - 151. Give b(-3).
647
Let a(p) = -2341*p - 114737. Determine a(-49).
-28
Let y(k) = 2*k**3 - 153*k**2 - 190*k + 51204. Calculate y(73).
31
Let n(y) = 8*y**3 - 71*y**2 - 305*y - 10. Calculate n(-4).
-438
Let b(a) = -28*a**2 - 1276*a - 4217. Determine b(-42).
-17
Let n(g) = g**3 - 59*g**2 - 252*g + 113. Give n(63).
113
Let u(i) = 2044*i - 38567. Give u(18).
-1775
Let y(r) = -34*r**2 - 2085*r - 129. Give y(-61).
542
Let r(w) = -20*w**3 + 242*w**2 - 735*w - 61. Determine r(6).
-79
Let g(n) = 30*n**2 + 12088*n - 86924. Determine g(-410).
-4
Let p(c) = -533*c - 13692. Calculate p(-26).
166
Let h(b) = -1061*b + 4212. What is h(4)?
-32
Let l(j) = 502*j**2 - 774*j - 772. What is l(-1)?
504
Let i(u) = u**3 + 13*u**2 - 263*u - 19. Determine i(-24).
-43
Let o(l) = l**3 - 649*l**2 + 1220*l + 47868. Give o(647).
-10
Let j(t) = -t**3 + 20*t**2 - 31*t - 142. What is j(0)?
-142
Let o(m) = 5*m**3 + 155*m**2 + 1329*m + 47677. Give o(-32).
29
Let j(q) = -45357*q - 136094. Determine j(-3).
-23
Let i(t) = 3*t**2 - 2034*t + 18140. Calculate i(9).
77
Let q(y) = -56*y + 416. Calculate q(53).
-2552
Let c(s) = -s**2 - 343*s - 5146. What is c(-16)?
86
Let p(w) = 12*w**3 + 155*w**2 - 26*w - 157. Give p(-13).
12
Let f(z) = -222*z**2 + 80*z - 82. Give f(1).
-224
Let f(h) = -2*h**3 + 26*h**2 + 686*h - 32. What is f(-13)?
-162
Let a(p) = -27*p**3 + 8534*p**2 - 745*p + 35741. Determine a(316).
33
Let f(a) = -970*a + 8315. What is f(8)?
555
Let q(k) = -k**3 - 7*k**2 - 112*k + 806. Give q(5).
-54
Let l(s) = -6047*s + 193868. Determine l(32).
364
Let v(i) = i**3 - 7*i**2 - 369*i + 20. Give v(-16).
36
Let i(s) = 323563*s - 2588511. Give i(8).
-7
Let c(q) = 121*q**2 + 4241*q + 237. Determine c(-35).
27
Let p(k) = 451*k - 103734. Calculate p(230).
-4
Let d(a) = 13*a**2 + 3751*a - 1185. What is d(-289)?
549
Let j(h) = -6*h**2 - 319*h - 4109. Calculate j(-18).
-311
Let v(h) = -615484*h - 615467. Calculate v(-1).
17
Let i(a) = 1959*a - 19807. What is i(10)?
-217
Let w(j) = -5*j**2 + 377*j - 2109. Calculate w(6).
-27
Let t(i) = -76224*i + 6783918. Give t(89).
-18
Let t(y) = 7*y**2 - 1133*y + 10630. Calculate t(10).
0
Let v(b) = 3*b**3 - 72*b**2 + 67*b - 1747. Determine v(24).
-139
Let n(u) = -u**2 - 695*u - 15128. Determine n(-22).
-322
Let x(v) = -3*v**3 + 441*v**2 - 3*v + 375. What is x(147)?
-66
Let r(i) = 160820*i + 482466. What is r(-3)?
6
Let u(g) = -26*g**2 + 2766*g - 454. Calculate u(106).
606
Let p(v) = 39*v**2 + 329*v + 626. Determine p(-2).
124
Let y(b) = -6*b**3 + 17*b**2 - 42548*b + 127649. Calculate y(3).
-4
Let s(k) = -k**2 + 94*k - 1395. What is s(19)?
30
Let g(l) = 70*l**2 - 28*l - 133. Calculate g(-4).
1099
Let c(y) = 978*y**2 - 58640*y - 2396. Calculate c(60).
4
Let i(m) = 5970*m + 519456. Determine i(-87).
66
Let m(g) = -4*g**2 - 13864*g + 419528. Calculate m(30).
8
Let f(m) = -20520*m - 2585517. Give f(-126).
3
Let l(m) = 6184*m + 24984. What is l(-4)?
248
Let x(s) = -2*s**2 - 3373*s - 229369. What is x(-71)?
32
Let m(y) = 2*y**3 - 462*y**2 - 7425*y + 11010. Determine m(246).
-60
Let l(g) = g**3 - 3*g**2 + 65699*g - 657683. Determine l(10).
7
Let x(i) = i**3 + 90*i**2 - 83*i - 15439. What is x(-89)?
-131
Let g(f) = -5*f**3 + 74*f**2 + 90*f + 127. Give g(16).
31
Let y(l) = 19*l**3 + 95*l**2 - 33*l - 114. What is y(-1)?
-5
Let b(s) = 15*s**2 + 758*s + 3385. Calculate b(-5).
-30
Let g(u) = -2*u**2 + 110*u + 544. Determine g(-5).
-56
Let p(f) = 15*f**2 + 6210*f - 31443. Determine p(5).
-18
Let z(y) = y**3 + 31*y**2 + 415*y + 1386. Give z(-7).
-343
Let p(w) = 748*w + 51546. Calculate p(-66).
2178
Let h(j) = j**3 + 2*j**2 - 12*j - 80. Give h(-4).
-64
Let u(v) = -2015*v - 475703. What is u(-236)?
-163
Let a(b) = 8*b**3 - 168*b**2 - 144*b + 162. Determine a(21).
-2862
Let x(k) = k**3 - 59*k**2 + 21*k - 1240. Give x(59).
-1
Let y(x) = 10*x**3 - 37*x**2 - 457*x + 1952. What is y(5)?
-8
Let r(t) = -2*t**3 - 1962*t**2 + 9822*t - 60. Calculate r(5).
-250
Let q(h) = -h**2 - 209242*h - 6485531. Determine q(-31).
10
Let r(h) = -3*h**3 + 69*h**2 + 97*h + 735. Determine r(25).
-590
Let q(b) = -b**2 + 29*b + 740. What is q(29)?
740
Let r(y) = 3314*y + 480544. Determine r(-145).
14
Let p(k) = -575*k + 757. Calculate p(6).
-2693
Let c(q) = q**3 - 177*q**2 - 199*q - 61056. Give c(180).
324
Let h(r) = 5689*r - 654262. Determine h(115).
-27
Let y(r) = -20*r**2 + 1109*r + 6132. What is y(-5)?
87
Let g(l) = 10804*l + 1242493. Calculate g(-115).
33
Let o(s) = -68189*s - 477300. Give o(-7).
23
Let q(c) = -3*c**3 - 16*c**2 + 6*c - 10. Give q(-6).
26
Let z(m) = -3*m**2 + 2870*m + 20202. Calculate z(-7).
-35
Let s(y) = 1178*y - 166087. Determine s(141).
11
Let a(w) = 3*w**2 - 136*w - 153. What is a(-1)?
-14
Let y(k) = -2*k**3 + 332*k**2 + 5864*k + 645. What is y(-16)?
5
Let f(m) = 4*m**3 + 31*m**2 + 222*m - 11. What is f(-8)?
-1851
Let p(h) = -964*h - 105980. Determine p(-110).
60
Let v(z) = 24*z**2 + 94*z + 280. Determine v(-10).
1740
Let p(h) = 2*h**3 - 2597*h**2 - 13025*h + 34. What is p(-5)?
-16
Let w(r) = -r**3 + 457*r**2 - 45085*r + 4061. Determine w(313).
-8
Let g(a) = 24*a**2 - 981*a - 149. Give g(41).
-26
Let f(t) = 1197*t + 338753. Calculate f(-283).
2
Let u(m) = 4*m**3 + 76*m**2 + 273*m + 20. Calculate u(-4).
-112
Let i(a) = a**3 - 15*a**2 - 1271*a + 21022. Calculate i(17).
-7
Let l(v) = -89877*v - 32535462. Determine l(-362).
12
Let h(p) = -p**3 - 150*p**2 + 642*p + 138827. Calculate h(-148).
3
Let y(l) = -l**3 - 53*l**2 + 833*l + 53685. Give y(-45).
0
Let h(o) = -1092*o + 66601. Determine h(61).
-11
Let t(k) = -2*k**3 + 21*k**2 - k + 75. Determine t(10).
165
Let u(f) = -f**3 + 36*f**2 + 185*f - 8017. Give u(36).
-1357
Let v(k) = k**2 - 773*k + 136908. Calculate v(275).
-42
Let u(z) = -441*z - 114166. Give u(-259).
53
Let o(r) = 3*r**3 - 1169*r**2 - 342*r - 18738. Determine o(390).
-18
Let n(m) = -m**3 - 86*m**2 - 36*m + 3726. What is n(-85)?
-439
Let y(f) = -32664*f + 195893. Give y(6).
-91
Let c(b) = 1838*b + 93684. Determine c(-51).
-54
Let p(u) = 2*u**3 - 23*u**2 + 403*u - 2025. What is p(6)?
-3
Let t(m) = -257*m + 35364. Give t(137).
155
Let p(z) = -9*z**3 - 18*z**2 + 176*z - 230. What is p(7)?
-2967
Let q(i) = i**3 - 109*i**2 + i + 11616. Determine q(108).
60
Let n(u) = 3*u**3 - u**2 + 276*u + 113. Determine n(0).
113
Let d(w) = -w**3 + 5*w**2 + 441*w - 2613. What is d(6)?
-3
Let m(q) = 5*q**2 + 207*q + 2108. What is m(-18)?
2
Let d(j) = 3326*j + 2328106. Determine d(-700).
-94
Let i(t) = 1385*t - 28966. Give i(21).
119
Let l(v) = 124673*v - 872720. Give l(7).
-9
Let d(c) = -45*c**2 + 398*c - 879. What is d(5)?
-14
Let y(w) = 2*w**3 + 157*w**2 + 875*w + 23. Determine y(-6).
-7
Let d(a) = 3*a**3 - 280*a**2 - 225*a + 3480. Give d(94).
2
Let l(h) = 67*h**3 + 5560*h**2 - 110*h + 151. Give l(-83).
2392
Let z(l) = -9*l**2 - 3782*l - 95530. Determine z(-27).
23
Let s(i) = i**2 - 4465*i + 255800. Determine s(58).
194
Let p(j) = j**3 - 36*j**2 - 226*j + 952. Determine p(41).
91
Let g(k) = k**3 + 163*k**2 - 182*k - 2877. What is g(-164)?
75
Let l(t) = 88*t**2 + 14501*t - 3116. Give l(-165).
19
Let h(l) = 29599*l - 1657548. Give h(56).
-4
Let g(f) = -4*f**2 + 796*f + 1394. Determine g(195).
4514
Let f(z) = 14206*z - 2898019. Determine f(204).
5
Let r(z) = 122*z**2 + 28651*z - 4456. Give r(-235).
9
Let q(i) = -257*i**2 + 31870*i - 258. Give q(124).
-10
Let r(y) = 102052*y + 1632834. Calculate r(-16).
2
Let v(b) = -2*b**3 + 154*b**2 + 2219*b + 947. Calculate v(-12).
-49
Let l(n) = -48*n - 2379. Determine l(-49).
-27
Let k(f) = 748*f**2 + 8828*f - 1783. Give k(-12).
-7
Let x(u) = 3*u**3 - 28*u**2 + 48*u - 130. What is x(8)?
-2
Let m(l) = 733*l + 2054. Give m(0).
2054
Let d(k) = -42*k**2 + 2076*k - 872. Calculate d(49).
10
Let k(n) = -n**3 + 415*n**2 - 21012*n + 456. Calculate k(59).
-16
Let x(n) = n**3 - 4*n**2 + 66*n - 367. Give x(6).